Let z be (7/21)/((-2)/(-54)). Let r = v - z. Is r a composite number?
False
Let m be (-9 - -2)*(-1 - 4). Suppose 7*w - 12*w + 80 = 0. Let c = m - w. Is c composite?
False
Let b(f) = f**2 - 2*f - 2. Let j be b(4). Let m(h) = -h + 4. Let c be m(j). Let s(x) = 6*x**2 + 4*x + 3. Is s(c) a composite number?
False
Is (-4 - -1) + 2*91 a prime number?
True
Let n be 65/13 + (0 - 0). Suppose 163 = 4*o - n*y, -105 = -3*o - 4*y + 2*y. Is o composite?
False
Let r be 5 + 0 + (-3 - -2). Suppose 5*q + 0*q = -2*l + 52, -97 = -5*l + r*q. Is l composite?
True
Let s(g) = -58*g - 2. Let y(n) = -29*n - 1. Let u(f) = 2*s(f) - 5*y(f). Is u(2) a composite number?
False
Suppose -3 = -5*j + 17. Suppose 2*r + 3*z = j*z + 6, 25 = r + 5*z. Suppose r*q - 3*t - 143 = 0, 5*q = 2*q - 3*t + 105. Is q prime?
True
Is 2 + (420 - -3) - 6 composite?
False
Suppose -r - 6 = -4*r. Suppose r*c = 3*c - 4*t - 635, 1905 = 3*c - t. Is c a composite number?
True
Suppose 2*b - 34 = 5*o - 1, -5*b + 3*o = -54. Is b a prime number?
False
Let g = -393 + 644. Is g a prime number?
True
Let w = 0 - 0. Suppose 4*a = -w*a + 140. Is a a composite number?
True
Let q(t) = -t**3 + 18*t**2 - 20*t - 11. Is q(14) prime?
False
Let p = -9 + -3. Let a(t) = -t**2 - 10*t + 17. Let n be a(-13). Let u = p - n. Is u a composite number?
True
Let x(b) = 172*b - 49. Is x(21) composite?
True
Let c be (-3)/4 + (-1612)/(-16). Suppose q = -3*q + c. Is q composite?
True
Let y = 132 + 10. Suppose s = -3*a + 65 + 87, 0 = 3*a - s - y. Is a composite?
True
Suppose -22 = -5*d + g - 3*g, 3*g - 3 = 0. Suppose 3*t + 0*r + 26 = d*r, 2*t + 2*r + 22 = 0. Is 492/10 - (-2)/t a prime number?
False
Let j(k) = 3*k**2 - 2 + k + k**3 + 4*k + 3*k**2. Let s be j(-5). Is 4/(-2) - s*4 prime?
False
Let u = 7 - -4. Is u composite?
False
Let q = -9 - -7. Let y be (-2037)/(-14) + q/4. Suppose m = -0*m + y. Is m a composite number?
True
Let b(q) = -q + 1. Let z be b(3). Let y(l) = 56*l**2 + 2*l + 3. Is y(z) composite?
False
Let z be ((-3)/2)/((-1)/2). Let t(r) = r**2 - 2*r. Let n be t(z). Suppose n*j - 5*j = -66. Is j a prime number?
False
Suppose 5*b + 496 = 2*w, -2*w - 3*w - 5*b = -1275. Let y = -176 + w. Is y prime?
False
Suppose -4*n - 3 = 9. Let r(l) = -110*l + 2. Let q be r(n). Suppose q = 2*i + 2*i. Is i a prime number?
True
Let i = -4 - -7. Suppose 2*h = -2*h - t + 117, h + i*t = 43. Let r = h + 9. Is r composite?
False
Let i(o) = o**3 - 8*o**2 - 8*o + 4. Let c be i(9). Suppose -3*t = -c - 8. Is t composite?
False
Let q = 17808 + -11929. Is q prime?
True
Is (-1 + (-1950)/4)*(-9 - -7) prime?
True
Suppose 5*a - a + 20 = 0. Let q = a + 7. Suppose 702 = 5*r - h, -5*r + 380 = q*h - 331. Is r a composite number?
True
Let a = 8 + -4. Let y be (-4 + 6)/(a/(-94)). Let d = 68 + y. Is d prime?
False
Let l(y) = 17*y**2 + 2*y + 2. Is l(3) composite?
True
Suppose 0 = l - 4, -4*g + 2*l - 3*l = -16. Suppose -y + 0 = -g. Is y prime?
True
Let q(t) = 48*t + 19. Is q(10) a composite number?
False
Suppose -3*t = 3*t - 12. Is 5/(40/796)*t composite?
False
Let c = 6 + -6. Suppose 5*d - 3*w - 144 = c, -87 = -3*d + 5*w - 3*w. Suppose 0 = 3*r - d - 84. Is r prime?
True
Let a = -7 - 19. Let k = 51 - 11. Let w = a + k. Is w composite?
True
Is (-2)/(12/3) - (-3315)/10 prime?
True
Suppose -4*u = j - 99 - 4, -u = 4*j - 487. Is j prime?
False
Let t = -105 - -222. Let p = 164 - t. Is p prime?
True
Let p be 6388/(-6) + (-8)/(-12). Is (p/32)/(2/(-8)) a composite number?
True
Let q(r) = -r**3 + 3*r**2 + 9*r - 6. Is q(-5) a prime number?
True
Suppose 8 = 4*z - 0*z. Suppose -g - y + 28 = 0, -z*g + 2*y + 31 = -y. Is g a prime number?
True
Let f = 5 - 13. Let k be 47 + 0*(-2)/(-4). Let i = f + k. Is i prime?
False
Suppose -v = -2*m - 1, -2*m = 2*m + 4. Let t(i) = -48*i - 1. Is t(v) a composite number?
False
Suppose 5*a - a - 218 = v, 0 = -5*a + v + 273. Is a a composite number?
True
Let q be -58*15/(-12)*2. Let d = 1032 - q. Is d composite?
False
Suppose -27 = -2*p - i + 290, -4*p + 659 = -3*i. Is p a prime number?
False
Suppose 0 = 4*j + j. Suppose j*x - 3147 = -3*x. Is x a composite number?
False
Let u be 8/16 + 9/2. Suppose -6*p - 565 = -v - p, -5*v - u*p + 2705 = 0. Is v composite?
True
Suppose 3*t - t = 1874. Is t a composite number?
False
Let b be 6/4*(-6)/(-3). Suppose -2*d + 0*d = 4*w - 798, 0 = 4*w - b*d - 813. Is w a composite number?
True
Let q(m) = -m**3 + 8*m**2 - 6*m + 1. Is q(6) a prime number?
True
Let u(g) = -g**3 + 3*g**2 + 3*g - 1. Let i be u(3). Suppose -c - 38 = -5*r, -3*c - 2 = -i. Suppose -4*p = r, -31 = -f - p + 4. Is f prime?
True
Let g(m) = 4*m**3 + 4*m**2 - 4*m - 7. Let z(j) = -21*j**3 - 20*j**2 + 19*j + 35. Let x(w) = -11*g(w) - 2*z(w). Is x(-5) a prime number?
True
Suppose 0 = -0*o + 4*o + 2*t - 796, 388 = 2*o - 4*t. Suppose 5*j - 137 = o. Is j composite?
False
Suppose -5*r = -3*r - 2. Let a be (0/1)/(r - 3). Suppose -5*w - n + 294 = a, -n + 0 = 1. Is w a composite number?
False
Let n(t) = -t - 2. Let f be n(-1). Is 5/f*185/(-25) prime?
True
Let s(i) = 740*i**2 + 2*i + 15. Is s(4) a prime number?
True
Let k = 2451 - 1396. Is k composite?
True
Is 4126/14 + (-12)/(-42) prime?
False
Suppose 0 = 4*a + 5*h - 17, 5*a = -5*h + 12 + 8. Let x be (-2 - -1) + (a - -1). Suppose x*n - 12 = -n. Is n a prime number?
True
Let i = -1083 - -3688. Is i a composite number?
True
Suppose 4*j + 348 = 4*a, -368 = -5*a + j + 59. Is a composite?
True
Let h(m) = 2*m**3 - 9*m**2 + 9*m - 1. Is h(6) composite?
True
Let k(w) be the third derivative of 1/6*w**3 + 0*w - 1/12*w**4 + 0 + 8/15*w**5 + w**2. Is k(1) a prime number?
True
Suppose 14*i = 9*i. Let o(u) be the first derivative of u**3/3 + u**2/2 + 15*u + 2. Is o(i) prime?
False
Let y(i) = 3 + 1 + 10*i - i. Is y(5) composite?
True
Let p be (-3 + 7)/1 - 1. Suppose i = -d + 15, p*i = 4*d - d - 45. Is d prime?
False
Let h be (1/3)/(4/48). Let c = 23 - h. Is (-3)/(-3) + c - -3 composite?
False
Let b(y) = 447*y**2 + 3*y + 2. Is b(-1) prime?
False
Let k(v) = -2*v - 14. Let o be k(-11). Let h = 22 - o. Is h composite?
True
Let j(o) = o**3 - o**2 + o + 6. Let a be j(0). Suppose -a*q + q = -235. Is q a prime number?
True
Let a(p) = -20*p - 21. Is a(-14) a composite number?
True
Let t(z) = -18*z - 7. Let c be t(7). Let l = c - -292. Is l a prime number?
False
Suppose -i = -1146 + 443. Is i composite?
True
Let s(q) = -4*q + 379. Is s(0) prime?
True
Let k = 2951 + -2038. Is k a prime number?
False
Let k(b) = b**2 - 8*b - 7. Let n be k(9). Suppose 1 - 7 = -n*a. Suppose -a*r + 104 = 5*q + 3, -70 = -2*r - 2*q. Is r composite?
False
Let l = 11 - 6. Suppose 10 + l = 5*m. Let t = m - -6. Is t prime?
False
Let w = -324 + 1331. Is w a prime number?
False
Let v(c) = -25*c**2 + 8*c - 15. Let m(q) = 12*q**2 - 4*q + 7. Let h(j) = 5*m(j) + 2*v(j). Is h(4) prime?
True
Let k(q) = -80*q - 3. Is k(-2) prime?
True
Suppose -5*s + 451 = q, 0*s - 1293 = -3*q - 3*s. Let t = -285 + q. Is t prime?
False
Is (-2)/(-4)*(6 + 868) prime?
False
Let l(q) be the third derivative of q**5/6 - q**4/3 + 5*q**3/6 + 6*q**2. Is l(5) prime?
False
Let r = -67 + 98. Is r composite?
False
Let l = -1003 + 3660. Is l a composite number?
False
Let t(o) = 2*o**2 + 10*o - 5. Is t(9) prime?
False
Let k(i) = -i**2 + i + 403. Is k(0) composite?
True
Suppose 765 = 2*t - 37. Is t a composite number?
False
Suppose x - 29 = g + 8, -3*g - 37 = -x. Suppose -i - 58 - x = -q, -3*q + 381 = -4*i. Let z = 163 + i. Is z a composite number?
False
Let b(o) = -3*o**3 - o - 1. Let w be b(-1). Suppose 3*g + 3*a = 15, -31 = -4*g - w*a - 10. Is 2/g + (-98)/(-3) a prime number?
False
Is (-10)/70 - (-1 - (-44437)/(-7)) prime?
False
Is ((-12898)/3 + 0)*255/(-170) a composite number?
False
Let u = -1 - -3. Suppose 0 = -u*z + 5*g - 28, -5*z - 4*g = -7*z - 24. Is (z + 57)/(1 - 0) prime?
True
Let y(h) = -6*h**3 + 2*h + 1. Let g be y(-1). Suppose -5*q + 5*o = -500, q + 2*o = g*q - 398. Suppose 2*p + 0*p - q = -5*m, -4*m + 5*p + 66 = 0. Is m prime?
True
Let z(i) = -53*i**3 + i**2 + 2*i + 1. Let h = -2 - -1. Is z(h) a composite number?
False
Suppose x + 3*q = -1 + 16, 2*q - 10 = 5*x. Suppose 4*m - 5*m + 87 = x. Is m a composite number?
True
Let k = 751 - -318. Is k composite?
False
Let l(u) = u**3 + u + 13. Is l(0) composite?
False
Let x(a) = -a**2 + 4*a + 4. Let n be x(4). Suppose g + 4*g = 3*d - 349, -n*d - 3*g +